
7a12d
Convert 27b964 (base 13) to base 5.
221441113
Convert 18887 (base 16) to base 8.
304207
-25236230 (base 7) to base 12
-91a585
-141234131 (base 5) to base 15
-e57e6
What is -e305 (base 16) in base 3?
-2221201111
Convert 547233 (base 8) to base 6.
3535403
Convert 2a93 (base 14) to base 3.
101101122
Convert 2211003010 (base 4) to base 10.
676036
-1200021222 (base 3) to base 10
-33020
What is 116057 (base 12) in base 15?
57e6d
What is -104131403 (base 5) in base 4?
-1233321301
What is 5134478 (base 9) in base 5?
1200123443
Convert 110110111111111111 (base 2) to base 12.
aa453
-337442 (base 8) to base 7
-654502
-72b5b0 (base 12) to base 13
-4b1974
1e53d3 (base 15) to base 7
15425664
What is 21151 (base 16) in base 2?
100001000101010001
What is b186a (base 15) in base 14?
108c18
Convert 121005052 (base 6) to base 15.
302a8b
Convert -216113 (base 7) to base 4.
-21103310
What is -3134253 (base 6) in base 13?
-545c7
Convert 262606531 (base 7) to base 12.
5767751
1212122000 (base 3) to base 2
1001000000101101
-13222201110 (base 4) to base 14
-3a42c4
What is 3315355 (base 6) in base 7?
1260266
What is -10140070 (base 8) in base 5?
-1022140420
-3122002002 (base 4) to base 6
-31050310
-1db419 (base 14) to base 15
-16179d
Convert -204580 (base 11) to base 6.
-11011023
Convert 259399 (base 13) to base 4.
3131021011
What is -319620 (base 10) in base 16?
-4e084
What is 194521 (base 11) in base 14?
7ac4c
What is -1110000010100011001100 (base 2) in base 8?
-16024314
Convert -1507410 (base 9) to base 4.
-3023021322
What is 1301b (base 12) in base 2?
110010101010111
What is 322121 (base 7) in base 3?
2211210002
1000111011111111011 (base 2) to base 8
1073773
212211002010 (base 3) to base 7
3661530
Convert 3426244 (base 7) to base 14.
b195b
What is 2000000201021 (base 3) in base 8?
4034752
What is -9f1bd2 (base 16) in base 5?
-10132133341
15b1a2 (base 15) to base 8
4002622
2057b (base 14) to base 13
2960c
Convert 22200102200 (base 3) to base 11.
107445
Convert -101122000122222 (base 3) to base 2.
-10101100011010001100010
What is -23503305 (base 6) in base 14?
-1536c1
What is 3100202203 (base 4) in base 6?
30150311
What is -234041521 (base 6) in base 15?
-5bb1a7
What is -11001100010110000 (base 2) in base 8?
-314260
Convert 348467 (base 10) to base 6.
11245135
56206560 (base 7) to base 16
4a26b0
-5b299 (base 12) to base 14
-32c05
Convert 100001021020 (base 3) to base 6.
3452223
201344113 (base 5) to base 2
11000101100101000011
Convert 201223 (base 9) to base 10.
119010
Convert 112240022 (base 5) to base 14.
d35a2
10110101101 (base 3) to base 15
15287
Convert 721826 (base 10) to base 2.
10110000001110100010
Convert 400043 (base 5) to base 16.
30eb
1667abd (base 14) to base 16
a7f937
Convert -335a85 (base 11) to base 9.
-1004832
555640 (base 9) to base 4
1101012321
What is -202151432 (base 6) in base 11?
-1a58a42
What is -4a3481 (base 11) in base 7?
-6521211
Convert -2177802 (base 11) to base 15.
-505e32
What is -1041202424 (base 5) in base 7?
-25306105
What is 4758168 (base 9) in base 10?
2577887
4b1965 (base 15) to base 13
990701
Convert -153375 (base 13) to base 16.
-7f44c
What is -4e8338 (base 15) in base 16?
-39961a
What is -210100302222 (base 4) in base 2?
-100100010000110010101010
Convert 1460113 (base 7) to base 6.
4134514
What is 342254 (base 7) in base 6?
1145412
What is -3125165 (base 7) in base 5?
-44020432
-1201120102000 (base 3) to base 9
-1646360
Convert 33200530 (base 6) to base 12.
400146
10002330112 (base 4) to base 11
66495a
What is 17aca3 (base 16) in base 14?
2c55d1
Convert -1424280 (base 9) to base 7.
-6443310
What is -208d4c (base 15) in base 14?
-2c45ab
Convert -2011201220112 (base 3) to base 15.
-17c852
What is -a7059 (base 16) in base 11?
-427a99
Convert -14928 (base 10) to base 7.
-61344
Convert 4325416 (base 10) to base 5.
2101403131
What is -9626 (base 15) in base 8?
-76021
Convert 111202102212222 (base 3) to base 16.
6f8ed3
Convert b8b9d (base 15) to base 3.
1002210112011
Convert -23315a (base 11) to base 13.
-cc673
Convert 443102 (base 7) to base 8.
230130
What is -29c3a33 (base 13) in base 10?
-13346310
Convert 445032 (base 8) to base 14.
3c974
Convert -6c2de (base 16) to base 3.
-211111211012
What is 33102301 (base 4) in base 6?
1202001
Convert 12225505 (base 6) to base 16.
5fdd1
Convert -414104430 (base 5) to base 6.
-100330053
7d7e1 (base 15) to base 9
668664
Convert 310b5 (base 15) to base 12.
75b38
100111111111011 (base 2) to base 14
7667
Convert 10245531 (base 6) to base 9.
510171
Convert -20200102022022 (base 3) to base 7.
-42120206
What is -93788 (base 12) in base 15?
-3c265
What is -bac18 (base 14) in base 8?
-1563446
What is -3211312223 (base 4) in base 15?
-138e58
Convert 12100132 (base 5) to base 10.
112542
Convert -182562 (base 14) to base 5.
-204223311
What is 40158 (base 15) in base 6?
4202532
-10012131131 (base 4) to base 13
-2b8422
-100221122202 (base 3) to base 16
-2fd0b
Convert -1222423230 (base 5) to base 8.
-13146401
What is -2982354 (base 11) in base 4?
-103200033121
What is 36c02 (base 14) in base 9?
223812
Convert -10110000101111000000 (base 2) to base 13.
-1c465c
What is 2e14d4 (base 15) in base 12?
8b779a
Convert -43600353 (base 7) to base 10.
-3748146
What is -227da (base 15) in base 10?
-109780
3292 (base 12) to base 3
21122202
What is -e17d90 (base 16) in base 12?
-4b47b28
Convert 110101101011 (base 2) to base 8.
6553
23312231223 (base 4) to base 14
5ac77d
Convert 445187 (base 9) to base 7.
2156140
Convert -12969a (base 13) to base 6.
-13344121
What is -103313130 (base 5) in base 2?
-1101101010110101011
Convert 15505 (base 14) to base 6.
1045533
Convert 23311302 (base 4) to base 5.
3022443
Convert -62136 (base 12) to base 2.
-11111010000111010
What is -49346 (base 14) in base 9?
-302500
Convert 184980 (base 10) to base 14.
4b5ac
-432101300 (base 5) to base 7
-21365335
Convert 10101001001000001000 (base 2) to base 5.
134131434
What is 45daa (base 14) in base 15?
355dc
Convert -20657a (base 11) to base 14.
-88792
What is 2110011121121 (base 3) in base 13?
367a9b
What is 55546616 (base 7) in base 8?
22242654
-112213011122 (base 4) to base 15
-7c1358
What is -598228 (base 14) in base 11?
-17a8a53
11200121200 (base 4) to base 2
101100000011001100000
10111100111011011110 (base 2) to base 5
144230404
a2466 (base 12) to base 4
303220032
1402633 (base 8) to base 14
a3b75
What is 557305 (base 8) in base 2?
101101111011000101
What is -19d75c (base 15) in base 9?
-2331116
102210210001 (base 3) to base 14
60994
Convert -716957 (base 10) to base 13.
-1c1447
Convert -2200043 (base 8) to base 16.
-90023
What is 101001010010000011100 (base 2) in base 5?
321241412
What is -332550 (base 7) in base 5?
-3333330
-32493b (base 12) to base 15
-10adb8
Convert 4b477 (base 16) to base 14.
80527
e3919 (base 15) to base 2
10110000000000011100
-22e78d (base 15) to base 2
-110010111011101011110
Convert -22661 (base 15) to base 4.
-122232001
1ba789 (base 14) to base 15
148208
Convert -2346171 (base 8) to base 13.
-1963a8
Convert 14142643 (base 7) to base 2.
101000010101001011001
-642276 (base 8) to base 11
-136a33
24652557 (base 8) to base 12
19b4613
Convert 402140021 (base 5) to base 13.
43cca9
Convert 8aa5a (base 14) to base 15.
69bdd
What is 49087 (base 13) in base 14?
36c48
Convert -1010001111001000 (base 2) to base 11.
-29557
Convert 28d1d (base 16) to base 11.
104688
Convert 362485 (base 9) to base 10.
218372
-102011354 (base 6) to base 9
-3304237
What is -53171 (base 10) in base 4?
-30332303
234112330 (base 5) to base 12
442347
Convert 1878c (base 13) to base 11.
32704
167bb2 (base 13) to base 4
2020232222
What is -6794512 (base 10) in base 9?
-13705277
Convert 3250585 (base 11) to base 16.
572360
Convert -1124333 (base 6) to base 14.
-17201
Convert -6bfe7 (base 16) to base 6.
-13251515
9630d (base 14) to base 15
72774
What is 352510 (base 6) in base 8?
73332
-1d74 (base 14) to base 7
-21504
Convert 2424412411 (base 5) to base 3.
101201122021110
What is -171776 (base 9) in base 2?
-11001111101100101
What is -1010020010201 (base 3) in base 12?
-248384
What is 2464550 (base 7) in base 8?
1156170
Convert -564b05 (base 13) to base 2.
-111110001101011010011
-1110000111110011 (base 2) to base 8
-160763
What is 22b9d (base 16) i